13*b**3 + 8*b**2 - 52*b - 12. What is the remainder when s(5) is divided by 227?
191
Let t = 103 - 57. Let u = t + -21. Suppose 0 = 7*m - 25 - 73. Calculate the remainder when u is divided by m.
11
Suppose 15 = o - 5. Suppose x = -h + 2*x + 10, 3*h - x - o = 0. What is the remainder when 3*(-1)/3 + 48 is divided by h?
2
Suppose -8*z = -7*z - 108. Suppose -248 = -11*y + 280. What is the remainder when z is divided by y?
12
What is the remainder when (15/6*1/(-5))/(1/(-148)) is divided by -1 - (-17 - (6 + -3))?
17
Let m(q) = -8*q + 5*q**2 + 7 - 10*q + q**2 + 15*q. Calculate the remainder when m(-4) is divided by 20.
15
Let z(r) = 6*r + 23. Let m(g) = 2*g**2 - 7*g + 6. Let o be m(4). Calculate the remainder when z(o) is divided by 2*-1 + 69/3.
20
Let s = -1618 + 2028. Calculate the remainder when s is divided by 99.
14
Let u be ((-16)/12)/(2 + 52/(-24)). Let q be (-2)/7 - (-793)/7. Suppose u = -5*a + q. Calculate the remainder when 102 is divided by a.
18
Let d = -1176 + 1183. Suppose -3*x - 3*x + 456 = 0. What is the remainder when x is divided by d?
6
Let w = 25 - 6. Let q = 11 + -8. Suppose -2*a + q*a + 2*x - 9 = 0, -2*a = -x - 23. What is the remainder when w is divided by a?
8
Let m(w) = 8*w + 1. Let u be 1*((-2)/6 - (-40)/3). Calculate the remainder when m(u) is divided by (-6)/27 - 245/(-9).
24
Suppose 2 = -13*y + 14*y, -2*f = 3*y - 362. What is the remainder when 213 is divided by f/4 - -3*6/(-12)?
41
Suppose 7*a = 6*a + 164. Let m = -100 + a. What is the remainder when m is divided by 2 - -16 - (-4 + -2 + 2)?
20
Let q = 3944 + -3916. Calculate the remainder when 5403 is divided by q.
27
Suppose -3*r + 3207 - 2849 = -6182. Calculate the remainder when r is divided by 2180.
0
Suppose -2196*b - 16506 = -2217*b. Calculate the remainder when 801 is divided by b.
15
Suppose 138 = -150*w + 153*w. What is the remainder when 2104 is divided by w?
34
Suppose 32*p = 24*p + 2520. Let x = -118 + p. Calculate the remainder when x is divided by 40.
37
Let m(b) = 12*b + 153. Let v be m(-13). What is the remainder when (-4 + 3)*-1*(v + 53) is divided by 14?
8
Suppose -2*x = -3*x + c + 61, 2*x - 4*c = 130. Calculate the remainder when (261/(-36))/29*-3408 is divided by x.
54
Let l(n) = -n**2 - 15629*n + 78184. Calculate the remainder when l(5) is divided by (6/(-7))/(1/(-7)).
2
Suppose -6*a + 24 = -0*a. Let g be ((-2)/13 - 30/(-26)) + a. Suppose -74 = -g*d + 51. What is the remainder when 74 is divided by d?
24
Let f(i) = i**2 + 18*i + 33. Let d be f(-19). Suppose 188*w - d = 187*w. Calculate the remainder when w is divided by ((-11)/3)/(3/(-9)).
8
Let f be -4 - -3 - (-6 + 2 + 3). Suppose f = 125*v - 115*v - 360. Calculate the remainder when 138 is divided by v.
30
Let l = -162 + 191. What is the remainder when 2/8*-102*-2 is divided by l?
22
Suppose q - 4*q = -390. Suppose -5*t + 3*z = -31, 5*t - 22*z = -24*z + 71. What is the remainder when q is divided by t?
9
Let p(s) = s**3 + 33*s**2 - 113*s - 29. Let u be p(-34). Suppose -l + 8*n + 529 = 6*n, 2*n = -5*l + u. Calculate the remainder when l is divided by 89.
86
Calculate the remainder when 8511 is divided by (-26*189/(-630))/(-3*2/(-10)).
9
Let t = 7943 - 6518. Calculate the remainder when t is divided by 17.
14
Suppose 143 = -2*s + 209. Let g be (-112)/(-20) - 2/(-5). Let r(j) = -j**3 + 6*j**2 + 2*j + 5. What is the remainder when s is divided by r(g)?
16
Let m(c) = -c**3 + c**2 + c. Let u(g) = -5*g**3 + 15*g**2 + 9*g - 30. Let d(j) = -4*m(j) + u(j). Calculate the remainder when 122 is divided by d(11).
22
Suppose 12 = -4*l, 0 = -s - 0*l - l + 103. What is the remainder when 131 is divided by s?
25
Let b = -424 - -592. Calculate the remainder when b is divided by 71.
26
Suppose 2*j - 1 = 2*s + j, 5*j - 25 = 0. Suppose s*v - 43 = 5. Calculate the remainder when 166 is divided by v.
22
Suppose -2*c + 4*q = -38, -5*c + 4*c + 13 = q. Let a = 91 - -76. Suppose 3*j + a + 46 = 3*k, 296 = 4*k + 2*j. Calculate the remainder when k is divided by c.
13
Suppose -l - 5 = -22. Suppose -f + 21 = -l. Calculate the remainder when f is divided by (-1)/((77/(-220))/7).
18
Suppose 10*v - 6*v = -r - 8, 0 = -v - 3. Let l = -19 + 85. Suppose l = 4*o - y, o + y + r*y = 27. Calculate the remainder when 50 is divided by o.
16
Suppose 14 + 94 = 4*k. Suppose 29*n - 1508 + 1392 = 0. Suppose -q + n*q = k. What is the remainder when 24 is divided by q?
6
Let z(i) = -i**2 - 16*i - 12. Suppose -25*c + 19328 = -30*c + 69*c. What is the remainder when c is divided by z(-9)?
47
Let n be (16/28)/(18/63). Calculate the remainder when (44/(-66))/(((-8)/1074)/n) is divided by 38.
27
Suppose 0 = -2*g - 3*m + 879 + 1676, -m + 1276 = g. Calculate the remainder when g is divided by 11.
8
Let m be (-17490)/(-48) - (-2 - 38/(-16)). Let g = m + -248. Calculate the remainder when g is divided by 17.
14
Suppose 126*h - 147443 = 476131. Calculate the remainder when h is divided by 110.
109
Let l = -9872 - -9904. What is the remainder when 362 is divided by l?
10
Let b(r) = r**3 - 71*r**2 - 175*r + 2139. What is the remainder when 2849 is divided by b(73)?
11
Suppose 57*p = 167*p - 8360. What is the remainder when p is divided by 64?
12
Let h = 965 - -661. Calculate the remainder when h is divided by 44.
42
Let t = -16112 - -16134. What is the remainder when 4727 is divided by t?
19
Suppose -3*t + 2*f + 730 = -191, 15 = 5*f. Let k(l) = 10*l + 142. Calculate the remainder when t is divided by k(-8).
61
Let v = 841 - 753. Let a(m) = 2*m**2 + 94*m + 9. What is the remainder when v is divided by a(-47)?
7
Let f(h) = -h**2 - 44*h + 296. Calculate the remainder when f(0) is divided by 107.
82
Let f(q) be the second derivative of -q**3/3 + 7*q**2/2 - 90*q. What is the remainder when 92 is divided by f(-11)?
5
Let q = 855 + -807. Let i = 0 + 17. What is the remainder when q is divided by i?
14
Suppose -4*j + 2*o = -2556, -3*j + o = -4*o - 1931. Calculate the remainder when j is divided by 96.
61
Let t(r) = r**3 - 2*r**2 - 6*r**2 - 4*r**2 - 9*r + r**2. What is the remainder when 56 is divided by t(12)?
20
Let k = 28 - -16. Suppose -2*s - 12 = -4, -f + 272 = 2*s. Let o = 296 - f. Calculate the remainder when k is divided by o.
12
Let c = 78 + -12. Suppose 2*m = 2*j - 32, 0*m - 3*m + c = 3*j. Suppose 9*w = w + 56. What is the remainder when j is divided by w?
5
Suppose 1 + 19 = 5*q. Suppose 4*z = -4*m - 1183 - 797, 986 = -2*m - 3*z. Let y = 523 + m. What is the remainder when y is divided by q?
0
Let d(j) = -28*j - 12. Suppose -44 = 4*s - 3*c, -3*s - 36 = -4*c + c. Let w be d(s). Suppose -6*v = -2*v - w. What is the remainder when v is divided by 27?
26
Let h(s) = 4*s + 3*s**2 + 5 + 0*s - s - 9. Let f be h(1). Suppose -2*k + 51 + 91 = -5*b, f*k = 4*b + 146. Calculate the remainder when k is divided by 25.
6
Let w = 98 - 80. What is the remainder when 493/7 - 60/140 is divided by w?
16
Let v = 2619 - 2428. What is the remainder when v is divided by 65?
61
Let b(v) = v**2 - 47*v - 210. Calculate the remainder when 124 is divided by b(-5).
24
Suppose 1479 + 677 = 7*v. Calculate the remainder when v is divided by 303.
5
Suppose -2*f + 1 = -19. Suppose -3*q - 210 = -f*q. Suppose -5*m - 2*p + q = -m, 0 = 4*p - 12. Calculate the remainder when 65 is divided by m.
5
Let g be ((-2)/3 - (-21470)/57) + 4. Suppose 5*q - g + 145 = 0. What is the remainder when q is divided by 16?
15
Let d be (6 - 48/6)/(2/(-299)). Suppose -4*a + d = 3. Calculate the remainder when 12 is divided by 333/a - 1/(-2).
2
Suppose 0 = -41*w + 42*w - 9. Suppose 0 = 3*v - w*v. Suppose -n - j + 73 = 0, 5*n + 4*j = -v*n + 369. What is the remainder when n is divided by 22?
11
Let q = 705 + -703. Suppose 2*z = 3*r - 2*r + 17, 0 = -5*z - 5*r + 80. What is the remainder when z is divided by q?
1
Let d be -2 + (-8)/(-4) + 0. Suppose 52*z - 48*z - 132 = d. What is the remainder when 427 is divided by z?
31
Let w be (-15)/(-45) + -4*(-19)/6. Let m = w + -6. Calculate the remainder when m is divided by (2*3)/1*(-23)/(-46).
1
Suppose -13*c + 12*c = 2. Let f(l) = -6*l**3 + l**2 + 4*l + 8. What is the remainder when f(c) is divided by 15?
7
Let l be (27/6)/(30/(-2200)). Suppose -2*s - 38 = -j, -2*j + 50 = -s - 29. What is the remainder when j is divided by l/(-18) - 2/(-3)?
2
Let p(v) = -4*v**2 - 32*v + 4. 